{"id":105,"date":"2012-11-01T10:20:43","date_gmt":"2012-11-01T10:20:43","guid":{"rendered":"http:\/\/s438861258.online.de\/?page_id=105"},"modified":"2012-11-09T18:29:15","modified_gmt":"2012-11-09T18:29:15","slug":"laufbeschwerden","status":"publish","type":"page","link":"http:\/\/passion-bike.de\/?page_id=105","title":{"rendered":"Laufbeschwerden ?"},"content":{"rendered":"<p>Versuchen Sie es mal mit einer Laufbandanalysen beim Profi. Vielleicht hilft Ihnen eine Einlage im Sportschuh?<\/p>\n<p>Falls Sie im S\u00fcddeutschen Raum (Freiburg \/ Offenburg) wohnen ist unser Tipp die <a href=\"http:\/\/www.trautmann-og.de\/\" target=\"_blank\">Fa. Trautmann<\/a> &#8211; die Referenzen (an den W\u00e4nden des Gesch\u00e4ftes in der n\u00e4he von Offenburg) sprechen f\u00fcr sich.<br \/>\nViele Tipps und auch Hinweise f\u00fcr Einlagen finden Sie unter der nachfolgenden Adresse.<br \/>\nNat\u00fcrlich Laufen Ist auch einer unserer <a href=\"http:\/\/passion-bike.de\/?page_id=100\">Buchtipps<\/a> !<\/p>\n","protected":false},"excerpt":{"rendered":"<p>Versuchen Sie es mal mit einer Laufbandanalysen beim Profi. Vielleicht hilft Ihnen eine Einlage im Sportschuh? Falls Sie im S\u00fcddeutschen Raum (Freiburg \/ Offenburg) wohnen ist unser Tipp die Fa. Trautmann &#8211; die Referenzen (an den W\u00e4nden des Gesch\u00e4ftes in &hellip; <a href=\"http:\/\/passion-bike.de\/?page_id=105\">Weiterlesen <span class=\"meta-nav\">&rarr;<\/span><\/a><\/p>\n","protected":false},"author":1,"featured_media":0,"parent":348,"menu_order":0,"comment_status":"closed","ping_status":"closed","template":"","meta":{"footnotes":""},"class_list":["post-105","page","type-page","status-publish","hentry"],"_links":{"self":[{"href":"http:\/\/passion-bike.de\/index.php?rest_route=\/wp\/v2\/pages\/105","targetHints":{"allow":["GET"]}}],"collection":[{"href":"http:\/\/passion-bike.de\/index.php?rest_route=\/wp\/v2\/pages"}],"about":[{"href":"http:\/\/passion-bike.de\/index.php?rest_route=\/wp\/v2\/types\/page"}],"author":[{"embeddable":true,"href":"http:\/\/passion-bike.de\/index.php?rest_route=\/wp\/v2\/users\/1"}],"replies":[{"embeddable":true,"href":"http:\/\/passion-bike.de\/index.php?rest_route=%2Fwp%2Fv2%2Fcomments&post=105"}],"version-history":[{"count":3,"href":"http:\/\/passion-bike.de\/index.php?rest_route=\/wp\/v2\/pages\/105\/revisions"}],"predecessor-version":[{"id":376,"href":"http:\/\/passion-bike.de\/index.php?rest_route=\/wp\/v2\/pages\/105\/revisions\/376"}],"up":[{"embeddable":true,"href":"http:\/\/passion-bike.de\/index.php?rest_route=\/wp\/v2\/pages\/348"}],"wp:attachment":[{"href":"http:\/\/passion-bike.de\/index.php?rest_route=%2Fwp%2Fv2%2Fmedia&parent=105"}],"curies":[{"name":"wp","href":"https:\/\/api.w.org\/{rel}","templated":true}]}}