{"id":155,"date":"2012-11-06T20:33:38","date_gmt":"2012-11-06T20:33:38","guid":{"rendered":"http:\/\/s438861258.online.de\/?page_id=155"},"modified":"2012-11-09T18:19:42","modified_gmt":"2012-11-09T18:19:42","slug":"entfaltung","status":"publish","type":"page","link":"http:\/\/passion-bike.de\/?page_id=155","title":{"rendered":"Entfaltung"},"content":{"rendered":"<p><a href=\"http:\/\/passion-bike.de\/wp-content\/uploads\/2012\/11\/entfaltung3.jpg\"><img loading=\"lazy\" decoding=\"async\" class=\"alignnone size-full wp-image-316\" title=\"entfaltung3\" src=\"http:\/\/passion-bike.de\/wp-content\/uploads\/2012\/11\/entfaltung3.jpg\" alt=\"\" width=\"797\" height=\"258\" srcset=\"http:\/\/passion-bike.de\/wp-content\/uploads\/2012\/11\/entfaltung3.jpg 797w, http:\/\/passion-bike.de\/wp-content\/uploads\/2012\/11\/entfaltung3-300x97.jpg 300w, http:\/\/passion-bike.de\/wp-content\/uploads\/2012\/11\/entfaltung3-150x48.jpg 150w, http:\/\/passion-bike.de\/wp-content\/uploads\/2012\/11\/entfaltung3-400x129.jpg 400w\" sizes=\"auto, (max-width: 797px) 100vw, 797px\" \/><\/a><\/p>\n<p><strong>3 Gr\u00fcnde<\/strong> warum die Kompakt den klassischen Gruppen viele Marktanteile abnehmen wird:<\/p>\n<p>&#8211; Breitensportler k\u00f6nnen eine 53\/11 \u00dcbersetzung kaum nutzen !<\/p>\n<p>&#8211; Knackige Alpentouren fallen mit einer Kompakten (34\/29) leichter !<\/p>\n<p>&#8211; Kompakt bietet f\u00fcr Breitensportler die gr\u00f6\u00dfere \u00dcbersetzungs Flexibilit\u00e4t !<\/p>\n<p>Unsere Empfehlung:<\/p>\n<p>Kompakt Kurbel: 50\/34<\/p>\n<p>Allround Laufradsatz: 11\/25<\/p>\n<p>Berglaufradsatz: 11\/28 (evlt. Miche)<\/p>\n<p><strong>Einen Nachteil hat Kompakt !!!<\/strong><\/p>\n<p>Um immer im optimalen &#8222;Drehzahlbereich&#8220; zu fahren mu\u00df man viel mehr zwischen dem gro\u00dfen und kleinen Blatt schalten.<\/p>\n<p>Wer damit klar kommt wird mit Kompakt gl\u00fccklich &#8211; den anderen Fahrern empfehlen wir bei den klassischen \u00dcbersetzungen zu bleiben (dies trifft vor allem die Sprint Fans)!!!<\/p>\n<p><span style=\"color: #ff0000;\"><strong>Seit der Eurobike 2012 gibt es einen neuen Trend &#8211; 52 \/ 36 -&gt; eine gute L\u00f6sung f\u00fcr 53 \/ 39 Liebhaber &#8211; die auch Touren im Hochgebirge fahren. Diese \u00dcbersetzung bietet kompakte und klassische Entfaltung &#8211; ein sehr guter Kompromiss.<\/strong><\/span><\/p>\n<p>F\u00fcr Details empfehlen wir den <a href=\"http:\/\/www.campagnolo.com\/jsp\/de\/techmetric\/index.jsphttp:\/\/\" target=\"_blank\">Entfaltungsrechern von CAMPA<\/a>:<\/p>\n","protected":false},"excerpt":{"rendered":"<p>3 Gr\u00fcnde warum die Kompakt den klassischen Gruppen viele Marktanteile abnehmen wird: &#8211; Breitensportler k\u00f6nnen eine 53\/11 \u00dcbersetzung kaum nutzen ! &#8211; Knackige Alpentouren fallen mit einer Kompakten (34\/29) leichter ! &#8211; Kompakt bietet f\u00fcr Breitensportler die gr\u00f6\u00dfere \u00dcbersetzungs Flexibilit\u00e4t &hellip; <a href=\"http:\/\/passion-bike.de\/?page_id=155\">Weiterlesen <span class=\"meta-nav\">&rarr;<\/span><\/a><\/p>\n","protected":false},"author":1,"featured_media":0,"parent":346,"menu_order":0,"comment_status":"closed","ping_status":"closed","template":"","meta":{"footnotes":""},"class_list":["post-155","page","type-page","status-publish","hentry"],"_links":{"self":[{"href":"http:\/\/passion-bike.de\/index.php?rest_route=\/wp\/v2\/pages\/155","targetHints":{"allow":["GET"]}}],"collection":[{"href":"http:\/\/passion-bike.de\/index.php?rest_route=\/wp\/v2\/pages"}],"about":[{"href":"http:\/\/passion-bike.de\/index.php?rest_route=\/wp\/v2\/types\/page"}],"author":[{"embeddable":true,"href":"http:\/\/passion-bike.de\/index.php?rest_route=\/wp\/v2\/users\/1"}],"replies":[{"embeddable":true,"href":"http:\/\/passion-bike.de\/index.php?rest_route=%2Fwp%2Fv2%2Fcomments&post=155"}],"version-history":[{"count":5,"href":"http:\/\/passion-bike.de\/index.php?rest_route=\/wp\/v2\/pages\/155\/revisions"}],"predecessor-version":[{"id":359,"href":"http:\/\/passion-bike.de\/index.php?rest_route=\/wp\/v2\/pages\/155\/revisions\/359"}],"up":[{"embeddable":true,"href":"http:\/\/passion-bike.de\/index.php?rest_route=\/wp\/v2\/pages\/346"}],"wp:attachment":[{"href":"http:\/\/passion-bike.de\/index.php?rest_route=%2Fwp%2Fv2%2Fmedia&parent=155"}],"curies":[{"name":"wp","href":"https:\/\/api.w.org\/{rel}","templated":true}]}}

<p><a href="http://passion-bike.de/wp-content/uploads/2012/11/entfaltung3.jpg"><img loading="lazy" decoding="async" class="alignnone size-full wp-image-316" title="entfaltung3" src="http://passion-bike.de/wp-content/uploads/2012/11/entfaltung3.jpg" alt="" width="797" height="258" srcset="http://passion-bike.de/wp-content/uploads/2012/11/entfaltung3.jpg 797w, http://passion-bike.de/wp-content/uploads/2012/11/entfaltung3-300x97.jpg 300w, http://passion-bike.de/wp-content/uploads/2012/11/entfaltung3-150x48.jpg 150w, http://passion-bike.de/wp-content/uploads/2012/11/entfaltung3-400x129.jpg 400w" sizes="auto, (max-width: 797px) 100vw, 797px" /></a></p>
<p><strong>3 Gründe</strong> warum die Kompakt den klassischen Gruppen viele Marktanteile abnehmen wird:</p>
<p>&#8211; Breitensportler können eine 53/11 Übersetzung kaum nutzen !</p>
<p>&#8211; Knackige Alpentouren fallen mit einer Kompakten (34/29) leichter !</p>
<p>&#8211; Kompakt bietet für Breitensportler die größere Übersetzungs Flexibilität !</p>
<p>Unsere Empfehlung:</p>
<p>Kompakt Kurbel: 50/34</p>
<p>Allround Laufradsatz: 11/25</p>
<p>Berglaufradsatz: 11/28 (evlt. Miche)</p>
<p><strong>Einen Nachteil hat Kompakt !!!</strong></p>
<p>Um immer im optimalen &#8222;Drehzahlbereich&#8220; zu fahren muß man viel mehr zwischen dem großen und kleinen Blatt schalten.</p>
<p>Wer damit klar kommt wird mit Kompakt glücklich &#8211; den anderen Fahrern empfehlen wir bei den klassischen Übersetzungen zu bleiben (dies trifft vor allem die Sprint Fans)!!!</p>
<p><span style="color: #ff0000;"><strong>Seit der Eurobike 2012 gibt es einen neuen Trend &#8211; 52 / 36 -&gt; eine gute Lösung für 53 / 39 Liebhaber &#8211; die auch Touren im Hochgebirge fahren. Diese Übersetzung bietet kompakte und klassische Entfaltung &#8211; ein sehr guter Kompromiss.</strong></span></p>
<p>Für Details empfehlen wir den <a href="http://www.campagnolo.com/jsp/de/techmetric/index.jsphttp://" target="_blank">Entfaltungsrechern von CAMPA</a>:</p>

<p>3 Gründe warum die Kompakt den klassischen Gruppen viele Marktanteile abnehmen wird: &#8211; Breitensportler können eine 53/11 Übersetzung kaum nutzen ! &#8211; Knackige Alpentouren fallen mit einer Kompakten (34/29) leichter ! &#8211; Kompakt bietet für Breitensportler die größere Übersetzungs Flexibilität &hellip; <a href="http://passion-bike.de/?page_id=155">Weiterlesen <span class="meta-nav">&rarr;</span></a></p>
