{"id":455,"date":"2013-02-26T13:29:52","date_gmt":"2013-02-26T13:29:52","guid":{"rendered":"http:\/\/passion-bike.de\/?page_id=455"},"modified":"2013-02-26T13:35:20","modified_gmt":"2013-02-26T13:35:20","slug":"radsport-allgemein","status":"publish","type":"page","link":"http:\/\/passion-bike.de\/?page_id=455","title":{"rendered":"Radsport allgemein"},"content":{"rendered":"<p><strong><br \/>\n<em>Eine kleine Auswahl von empfehlenswerten B\u00fcchern &#8211; rund um den Rad Sport.<\/em><\/strong><\/p>\n<p>So bald sie auf das Bild &gt;clicken&lt; werden Sie auf amazon.de weitergeleitet.<\/p>\n<p><strong>Spitzengruppen, Ausrei\u00dfer und Wassertr\u00e4ger<\/strong><br \/>\nBegriffe und Regeln des Stra\u00dfenradsports<\/p>\n<p><a href=\"http:\/\/www.amazon.de\/gp\/product\/3768852334\/ref=as_li_qf_sp_asin_il_tl?ie=UTF8&amp;camp=1638&amp;creative=6742&amp;creativeASIN=3768852334&amp;linkCode=as2&amp;tag=passbike-21\" target=\"_blank\"><img loading=\"lazy\" decoding=\"async\" class=\"alignnone size-full wp-image-285\" title=\"petzi_maluga_klein\" src=\"http:\/\/passion-bike.de\/wp-content\/uploads\/2012\/11\/petzi_maluga_klein.jpg\" alt=\"\" width=\"93\" height=\"140\" \/><\/a><\/p>\n<p><strong>Das gro\u00dfe Buch vom Radsport<\/strong><br \/>\nStandardwerk f\u00fcr alle Aktiven und Trainer \u2013 Radsport Lexikon<\/p>\n<p><a href=\"http:\/\/www.amazon.de\/gp\/product\/3898992373\/ref=as_li_qf_sp_asin_il_tl?ie=UTF8&amp;camp=1638&amp;creative=6742&amp;creativeASIN=3898992373&amp;linkCode=as2&amp;tag=passbike-21\" target=\"_blank\"><img loading=\"lazy\" decoding=\"async\" class=\"alignnone size-full wp-image-281\" title=\"achim_schmidt_klein\" src=\"http:\/\/passion-bike.de\/wp-content\/uploads\/2012\/11\/achim_schmidt_klein.jpg\" alt=\"\" width=\"97\" height=\"140\" \/><\/a><\/p>\n<p>&nbsp;<\/p>\n","protected":false},"excerpt":{"rendered":"<p>Eine kleine Auswahl von empfehlenswerten B\u00fcchern &#8211; rund um den Rad Sport. So bald sie auf das Bild &gt;clicken&lt; werden Sie auf amazon.de weitergeleitet. Spitzengruppen, Ausrei\u00dfer und Wassertr\u00e4ger Begriffe und Regeln des Stra\u00dfenradsports Das gro\u00dfe Buch vom Radsport Standardwerk f\u00fcr &hellip; <a href=\"http:\/\/passion-bike.de\/?page_id=455\">Weiterlesen <span class=\"meta-nav\">&rarr;<\/span><\/a><\/p>\n","protected":false},"author":1,"featured_media":0,"parent":100,"menu_order":0,"comment_status":"closed","ping_status":"closed","template":"","meta":{"footnotes":""},"class_list":["post-455","page","type-page","status-publish","hentry"],"_links":{"self":[{"href":"http:\/\/passion-bike.de\/index.php?rest_route=\/wp\/v2\/pages\/455","targetHints":{"allow":["GET"]}}],"collection":[{"href":"http:\/\/passion-bike.de\/index.php?rest_route=\/wp\/v2\/pages"}],"about":[{"href":"http:\/\/passion-bike.de\/index.php?rest_route=\/wp\/v2\/types\/page"}],"author":[{"embeddable":true,"href":"http:\/\/passion-bike.de\/index.php?rest_route=\/wp\/v2\/users\/1"}],"replies":[{"embeddable":true,"href":"http:\/\/passion-bike.de\/index.php?rest_route=%2Fwp%2Fv2%2Fcomments&post=455"}],"version-history":[{"count":4,"href":"http:\/\/passion-bike.de\/index.php?rest_route=\/wp\/v2\/pages\/455\/revisions"}],"predecessor-version":[{"id":465,"href":"http:\/\/passion-bike.de\/index.php?rest_route=\/wp\/v2\/pages\/455\/revisions\/465"}],"up":[{"embeddable":true,"href":"http:\/\/passion-bike.de\/index.php?rest_route=\/wp\/v2\/pages\/100"}],"wp:attachment":[{"href":"http:\/\/passion-bike.de\/index.php?rest_route=%2Fwp%2Fv2%2Fmedia&parent=455"}],"curies":[{"name":"wp","href":"https:\/\/api.w.org\/{rel}","templated":true}]}}