{"id":95,"date":"2012-11-01T09:54:05","date_gmt":"2012-11-01T09:54:05","guid":{"rendered":"http:\/\/s438861258.online.de\/?page_id=95"},"modified":"2018-05-28T12:27:58","modified_gmt":"2018-05-28T12:27:58","slug":"impressum","status":"publish","type":"page","link":"http:\/\/passion-bike.de\/?page_id=95","title":{"rendered":"Impressum"},"content":{"rendered":"<p><strong>Fa. BIKE IT<\/strong><br \/>\nInhaber: Raimund Klingler<\/p>\n<p>D &#8211; 77955 Ettenheim<br \/>\nOrtsstra\u00dfe 5<\/p>\n<p>Tel: +49 7822 44 81 01<br \/>\ne-mail: <span style=\"font-size: small;\">bike.it(at)gmx.net<\/span><\/p>\n<p><!--more--><br \/>\n<code><\/code><br \/>\n<strong>Haftungshinweis<\/strong><br \/>\nTrotz sorgf\u00e4ltiger inhaltlicher Kontrolle \u00fcbernehmen wir keine Haftung f\u00fcr die Inhalte externer Links. F\u00fcr den Inhalt der verlinkten Seiten sind ausschlie\u00dflich deren Betreiber verantwortlich.<\/p>\n<p>Die Inhalte dieses Webprojektes wurden sorgf\u00e4ltig gepr\u00fcft und nach bestem Wissen erstellt. Aber f\u00fcr die hier dargebotenen Informationen wird kein Anspruch auf Vollst\u00e4ndigkeit, Aktualit\u00e4t, Qualit\u00e4t und Richtigkeit erhoben. Es kann keine Verantwortung f\u00fcr Sch\u00e4den \u00fcbernommen werden, die durch das Vertrauen auf die Inhalte dieser Website oder deren Gebrauch entstehen.<\/p>\n<p>F\u00fcr Kommentare sind die jeweiligen Kommentatoren verantwortlich. Diese Kommentare spiegeln in keiner Weise die Meinung von BIKE IT wieder.<\/p>\n<p>Bei einer Verletzung von fremden Urheberrecht oder sonstiger Rechte durch den Seitenbetreiber, eines Redakteurs oder eines au\u00dfenstehenden Kommentatoren ist auf die Verletzung per E-Mail (s.o.) hinzuweisen. Bei Bestehen einer Verletzung wird diese umgehend beseitigt.<\/p>\n<p><!--more--><br \/>\n<code><\/code><br \/>\n<strong>Datenschutzerkl\u00e4rung<\/strong><br \/>\nBIKE IT nimmt den Schutz Ihrer pers\u00f6nlichen Daten sehr ernst und wir halten uns strikt an die Regeln der Datenschutzgesetze. Personenbezogene Daten werden auf dieser Webseite nur im technisch notwendigen Umfang erhoben. In keinem Fall werden die erhobenen Daten verkauft oder aus anderen Gr\u00fcnden an Dritte weitergegeben.<\/p>\n<p>&gt;&gt; <a href=\"http:\/\/passion-bike.de\/?page_id=917\">Hier finden Sie die Datenschutzerkl\u00e4rung<\/a> &lt;&lt;<\/p>\n","protected":false},"excerpt":{"rendered":"<p>Fa. BIKE IT Inhaber: Raimund Klingler D &#8211; 77955 Ettenheim Ortsstra\u00dfe 5 Tel: +49 7822 44 81 01 e-mail: bike.it(at)gmx.net<\/p>\n","protected":false},"author":1,"featured_media":0,"parent":0,"menu_order":90,"comment_status":"closed","ping_status":"closed","template":"","meta":{"footnotes":""},"class_list":["post-95","page","type-page","status-publish","hentry"],"_links":{"self":[{"href":"http:\/\/passion-bike.de\/index.php?rest_route=\/wp\/v2\/pages\/95","targetHints":{"allow":["GET"]}}],"collection":[{"href":"http:\/\/passion-bike.de\/index.php?rest_route=\/wp\/v2\/pages"}],"about":[{"href":"http:\/\/passion-bike.de\/index.php?rest_route=\/wp\/v2\/types\/page"}],"author":[{"embeddable":true,"href":"http:\/\/passion-bike.de\/index.php?rest_route=\/wp\/v2\/users\/1"}],"replies":[{"embeddable":true,"href":"http:\/\/passion-bike.de\/index.php?rest_route=%2Fwp%2Fv2%2Fcomments&post=95"}],"version-history":[{"count":7,"href":"http:\/\/passion-bike.de\/index.php?rest_route=\/wp\/v2\/pages\/95\/revisions"}],"predecessor-version":[{"id":919,"href":"http:\/\/passion-bike.de\/index.php?rest_route=\/wp\/v2\/pages\/95\/revisions\/919"}],"wp:attachment":[{"href":"http:\/\/passion-bike.de\/index.php?rest_route=%2Fwp%2Fv2%2Fmedia&parent=95"}],"curies":[{"name":"wp","href":"https:\/\/api.w.org\/{rel}","templated":true}]}}